 - 23*m**2 + 19. List the prime factors of n(26).
23, 89
Suppose 0 = 2*t + 7*t - 72. What are the prime factors of (-2230)/(-16) - 3/t?
139
Let w be 20/6*(0 + 3). Suppose w*p = 6*p + 360. List the prime factors of p.
2, 3, 5
Suppose 12*q - 78 = -6. List the prime factors of q/2 - (-10 + 4/(-2)).
3, 5
Suppose -5*t = -7*t + 6. Suppose 0 = 2*k - i - 28 - 27, -3*i - 81 = -t*k. What are the prime factors of k?
2, 7
Let l = -19 - -19. Suppose -2*f + 4*o = -l*o + 36, 3*o + 43 = -f. Let g = f - -40. What are the prime factors of g?
2, 3
Suppose -h + 2601 = 2*h - 4*t, -t = 3*h - 2601. What are the prime factors of h?
3, 17
Let t(k) = k**3 + 4*k**2 + 3*k. Suppose -3*o = -0 + 6. Let y be t(o). Suppose -q = y - 75. List the prime factors of q.
73
Suppose v = -2*v + 3. List the prime factors of 10*v/((-8)/(-84)).
3, 5, 7
Let w be ((-4)/(-3))/(1/3). Suppose -c - 115 = w*u + 4*c, 5*u - c = -151. List the prime factors of (-2 - 6)*u/12.
2, 5
Let t(j) = 21*j**2 - 20*j - 9. What are the prime factors of t(-9)?
2, 3, 13
Let p(d) = d**2 - d - 79. Let g be p(0). List the prime factors of (-2 - g) + (3 - -1).
3
Suppose 21840 = 11*r + 59*r. List the prime factors of r.
2, 3, 13
Suppose s + 4*s = 15, s - 4303 = -5*o. List the prime factors of o.
2, 5, 43
Suppose -5*c + 9*x = 6*x - 2454, -5*c + 2433 = 4*x. What are the prime factors of c?
3, 163
Let q(g) = 2*g**2 + 45*g - 42. Let f be q(-26). Suppose 4*d = m - 66, 2*m - 5*m + 4*d = -230. Let z = f - m. What are the prime factors of z?
2, 29
Suppose -l - 28 = -j, -l = 5*j + 2*l - 100. Let w = j - 3. Let p = -9 + w. List the prime factors of p.
11
Let v(u) = u**3 + 12*u**2 + 4. Let y be v(-12). Suppose -y*t + 2*t = -2*a - 114, -3*a - 9 = 0. Suppose 2*k - t = 22. List the prime factors of k.
2, 19
Suppose 0 = v - 2, 4*s + s - 2*v - 61 = 0. Let p(c) = c**2 - 3*c + 17. Let d be p(s). Suppose -d + 47 = -5*q. What are the prime factors of q?
2, 5
Suppose 1417 = 4*o + 517. What are the prime factors of o?
3, 5
Suppose p + 2*p - u - 118 = 0, 3*p - 112 = 4*u. What are the prime factors of p?
2, 5
Let q be (-28)/(-10) - (-1)/5. Suppose -3*t + 108 = -x, 0*t + t - q*x = 44. List the prime factors of t.
5, 7
Suppose 0 = -5*r + 211 + 209. Suppose -6*x + r = -0*x. List the prime factors of x.
2, 7
What are the prime factors of 1096279/255 + (-4)/30?
3, 1433
Let r(z) = -z**2 - 9*z + 10. Let m be r(-10). Suppose 0 = -2*o - m + 4. Suppose 0 = -o*y - 5*t - 13 + 71, 4*y + 5*t - 106 = 0. What are the prime factors of y?
2, 3
Suppose 2*z = -4*g + 1344, z + 3*g = 448 + 228. List the prime factors of z.
2, 83
Suppose m + 4 - 6 = 0. Suppose 67 = k + 4*v - 89, m*k - 292 = -4*v. List the prime factors of k.
2, 17
Suppose 2 + 26 = -2*g. Let o be (-26)/7 - (-4)/g. Let u(i) = i**2 - i - 2. List the prime factors of u(o).
2, 3
Suppose -5*f + 6 + 19 = 0. Suppose -f*g + 11 = 36, g = -5*y + 515. Suppose -2*l - 22 = -y. List the prime factors of l.
41
Let r be 1 - (-16 - (1 + 1)). Suppose -77*k = -79*k. Suppose w + k*w - r = 0. List the prime factors of w.
19
Let j(g) = 11 + 8*g - 4*g - 19*g - 8. List the prime factors of j(-4).
3, 7
Let k(f) = 21*f**2 + 89*f + 141. Let m(j) = 4*j**2 + 18*j + 28. Let w(z) = -2*k(z) + 11*m(z). What are the prime factors of w(-13)?
2, 13
Let k(t) = 13*t - 12. Let s be k(9). Let x = -47 + s. What are the prime factors of x?
2, 29
Let i = 2563 + -976. What are the prime factors of i?
3, 23
Let i be 4/14 + (-1248)/56. Let p be (i/(-5))/(10/50). Let q = 8 + p. List the prime factors of q.
2, 3, 5
Let z be 2174/(-22) + 4/(-22). Suppose 5*n = -25, -2*j = 2*n - 3*n + 117. Let c = j - z. List the prime factors of c.
2, 19
Let t(v) = -v**2 - v + 5. Let z be t(-3). What are the prime factors of (234 - -1) + -2 + z?
2, 29
Let a(t) = -t**2 - 14*t + 5. Let o be a(-14). Suppose o = f + 2. Suppose -f*k + 5*k = 6, -3*y = 3*k - 126. What are the prime factors of y?
3, 13
Suppose 1878 = -j - 2*j. What are the prime factors of (-10)/20 + j/(-4)?
2, 3, 13
List the prime factors of 8/(234/58 - 4).
2, 29
Suppose -6*h = -2*h - 8. Let g(x) = -8*x**2 + 6*x - x**3 + 2*x**3 - 3*x - 8 - h*x**2. List the prime factors of g(10).
2, 11
Let u(d) = d**2 + 8*d - 10*d + 3*d**2 - 3*d**2 + 13. What are the prime factors of u(-7)?
2, 19
Let o = 236 - -1558. What are the prime factors of o?
2, 3, 13, 23
Suppose 2*n + 5767 = 4*w - 929, 0 = w - n - 1675. List the prime factors of w.
7, 239
Let l be (-26)/1*(-2)/1. Let c be 25/5 + -1 + (-1 - 0). Suppose 2*b - h = 49, -c*b + l = -2*h - 24. List the prime factors of b.
2, 11
Let i(d) = d**3 - 12*d**2 + d - 9. Let r be i(12). Suppose 0 = -7*z + r*z - 16. Let j(a) = 2*a**2 - 3*a - 8. What are the prime factors of j(z)?
2, 3
Let b = 2 - 2. Suppose 2*t - 6*t + 24 = b. Suppose -t*w + w + 190 = 0. List the prime factors of w.
2, 19
Let f be (-315)/3 - (-1)/((-1)/(-4)). Let m = f - -163. What are the prime factors of m?
2, 31
Suppose -4*w + 11 = 2*m - 5, -5*w = -4*m - 7. Suppose -2*s - 4*d - 7 = -d, -w*d = -5*s + 35. What are the prime factors of (s/(-5))/(2/(-140))?
2, 7
Let t = -75 - -2779. List the prime factors of t.
2, 13
List the prime factors of 1323 + -2 - (-19 + 14).
2, 3, 13, 17
Suppose -16*s + 20*s = -892. Let t = s - -317. List the prime factors of t.
2, 47
Suppose -2*v + 3*c + 2 = -2*c, 5*v + 5*c = 5. Let n = 54 + v. Suppose -5*g - 4*w + n = -4*g, -4*g - 2*w + 276 = 0. List the prime factors of g.
71
Let b(i) = 3*i - 2*i - 2*i + 2*i. Let j be b(3). Suppose -141 = -5*k + j*x, -2*k + 5*x - 17 = -3*k. List the prime factors of k.
3
Suppose v + 16 = -3*v. List the prime factors of 4 + 35 + 3 + v.
2, 19
Let m = 419 + 345. What are the prime factors of m?
2, 191
Suppose -51*k + 31 = -50*k. Let o = k + -4. What are the prime factors of o?
3
Let j be ((-8)/(-2) - 3)*-66. Let y = j - -139. List the prime factors of y.
73
Suppose -p = 3*v - 6658, 0 = -2*v - 2*v + 2*p + 8874. List the prime factors of v.
7, 317
Let a(j) = j**2 - 6*j. Let g(o) = o**2 - 2. Let v be g(3). Let b be a(v). Let l = b + 2. What are the prime factors of l?
3
Suppose -34*i + 47391 = -120093. List the prime factors of i.
2, 3, 821
Suppose 160 = 13*h - 9*h. Let b = h + 50. Suppose -5*f + b = -65. What are the prime factors of f?
31
Let q(x) = -180*x - 24. What are the prime factors of q(-9)?
2, 3, 7, 19
Let k = 23 + -10. What are the prime factors of 349/13 - (-2)/k?
3
Let k be 134/335 - 1/((-10)/(-4)). Suppose 5*w + k*w = 490. What are the prime factors of w?
2, 7
Suppose 4*z + 12 = -2*z. What are the prime factors of (-6)/(-8)*(90 - z)?
3, 23
Let h(d) = -27*d - 4. Let a be h(-1). Let q = a + -23. Suppose q*o + o + 138 = 2*p, -2*p = 2*o - 126. List the prime factors of p.
67
Suppose 3*r - 16803 = -7*k + 5*r, 0 = 4*r + 20. What are the prime factors of k?
2399
Suppose -3*l + 9924 = 3*n, 5*n + l = -0*l + 16532. What are the prime factors of n?
2, 3, 19, 29
Let r(z) = 5*z - 9. Suppose 2*w - 1 - 37 = 4*l, -3*l = -4*w + 56. Suppose -w*d + 9*d = -12. What are the prime factors of r(d)?
3, 7
Let f(b) = b**3 + b**2 + b + 233. Let a be f(0). Let t = a - 137. Suppose 0 = -3*o + 3*u + 81, -4*o + t = 2*u - 3*u. List the prime factors of o.
23
Let w(n) be the first derivative of n**4/4 + 4*n**3/3 + n**2/2 - 3*n + 6. Let s be w(-3). Suppose 8 = c - s. What are the prime factors of c?
11
List the prime factors of 6*((-186)/4)/(27/(-45)).
3, 5, 31
Let o(t) = -t**3 + 2*t**2 + 20*t + 11. What are the prime factors of o(-8)?
491
Let l be 6/9 - 30/(-9). Suppose l*h + 2 = 5*h. Suppose h*j = 6*j - 112. List the prime factors of j.
2, 7
Let m(y) = y + 11. Let d be m(-10). Let n = -5 - d. Let q(a) = a**2 - 3*a - 11. What are the prime factors of q(n)?
43
Suppose -3*h + 115 = x, 5*x - x - 60 = -2*h. Let p = h - 4. Suppose -f = f - p. What are the prime factors of f?
2, 3
What are the prime factors of (-550)/(-165)*(-1278)/(-4)?
3, 5, 71
Let t(o) = -7*o - 18. Let u be t(-3). Suppose 0 = -u*c + 3*b - 2*b + 354, 4*c = -3*b + 485. List the prime factors of c.
7, 17
Let d be (3 + -1)*105/14. Suppose d*f - 1022 = 523. What are the prime factors of f?
103
Let n(d) = d**2 - d. Let h(o) = 70*o**2 - 3*o + 1. Let y(i) = h(i) - 2*n(i). What are the prime factors of y(-1)?
2, 5, 7
Let u(h) = -h**3 + 10*h**2 - 8*h + 3. Let i be u(9). Let b = i + -8. Suppose 0 = b*j + 76 - 288. Lis